
8
Let v(t) = 1 - 3*t**2 + 2*t**2 - t**2 - 71453*t + 71454*t. Suppose -g = -1 + 2. Determine v(g).
-2
Let v(y) be the first derivative of 2 + y - 1/2*y**2. Let b = -5646 + 5653. What is v(b)?
-6
Suppose -7*p + 3*p = 5*c - 1170, 0 = 3*c - 4*p - 670. Let o(z) = -231*z**2 - c*z**2 + z**3 - z + 1 + 457*z**2. What is o(4)?
-3
Suppose 0 = u + 4*u - 5. Let a(p) = -2286 + 7*p - 2287 + 6863 + p - 2291. What is a(u)?
7
Let h(i) = 0*i + 34 - i + 1357*i**3 - 1356*i**3 - 29*i**2. Let j be h(29). Let m(q) = -q**2 + 3*q + 1. What is m(j)?
-9
Let q(n) = n - 7. Let g(w) = 2*w**2 + 8*w - 30. Let p be g(-11). Let z = p + -112. Determine q(z).
5
Suppose -5*k = 2*z - 45, 3*k = -5*z + 2 + 44. Suppose -5*h - 13 = k. Let q(b) = 11 + b**3 + 4*b**2 - 25 + 16 + 2*b. Determine q(h).
-6
Let m(q) = 51 - 93 - q**2 + 16*q + 2*q + 0*q + 60. What is m(19)?
-1
Let d be (3 + -5)/(0 + -1). Suppose -135*q + 144*q - 18 = 0. Let j(o) = -d*o - 14*o**q + 3 - o**3 - 3 + 10*o**2. Determine j(-3).
-3
Let w(t) = 8431 - 22*t - 4*t - 8430 + 25*t**2 - t**3. Give w(24).
-47
Let s(g) = -19*g**2 + 25*g + 24. Let v be s(-1). Let q(b) = -b**2 - 19*b + 41. What is q(v)?
21
Let d(p) = p**2 - 7*p - 10. Let l be ((-12)/9)/(2/(-3)). Let s(t) = 20*t**2 - 23*t**2 + 13*t - 8 + 29. Let q(u) = l*s(u) + 5*d(u). Give q(-8).
0
Let c(p) = p**2 - 4*p - 3. Let h be (-12)/(-8) + -1 - 18/(-4). Let m be c(h). Let q(f) = -m*f - 5734 + 5734. Give q(4).
-8
Let z(b) be the third derivative of -1/60*b**5 + 7/6*b**3 + 0*b - 23*b**2 + 0 - 5/24*b**4. Suppose -a - 5 + 3 = 0, 4*a + 2 = t. Determine z(t).
1
Let i(d) = -d**2 + 3*d + 37. Let a be 28/182 - (-1224)/156. Give i(a).
-3
Let x(v) = 124 - 111 - 9 + 9*v**2. What is x(3)?
85
Suppose -18*p + 22*p = 5*a - 6, -4*a + 11 = 3*p. Let j(i) = -20*i**3 + 2*i**2 - i. What is j(p)?
-19
Let n(p) = 5*p**2 - 11*p + 19. Let s(u) = -2*u**2 - 31*u + 135. Let q be s(-19). Give n(q).
17
Let x(r) = -r**2 - 2*r + 5. Let u(p) = -23*p**2 - 3*p + 1. Let f be u(2). Let h = 95 + f. Let o be -2 - 2 - (-2)/4*h. Calculate x(o).
-10
Suppose 0 = k - 4*k. Suppose q - 4*i = -k*q - 6, 0 = 4*q - 5*i + 2. Let j(b) = -2*b**2 - q*b**2 + 7*b - 3 + 3*b**2 + 11. Calculate j(6).
14
Suppose 45*l = -2*l - l - 144. Let m(k) = k**2 - 3*k - 15. Give m(l).
3
Suppose 0 = 1975*i - 1967*i + 16. Let j(s) = -10*s - 36. Calculate j(i).
-16
Suppose -25*w = -13*w - 3780. Let c = w + -305. Let u(t) = -2*t**2 + 10*t + 3 + 1 + t**2. Determine u(c).
4
Let l(y) = -8*y**2 + 4*y - 3. Let i(w) = -13*w**3 + 6*w**3 - 2*w + 14*w**3. Let h be i(1). Suppose -4*f = -h*q - 13, -4*f - 4*q + 2 + 2 = 0. Give l(f).
-27
Let j(v) = v**3 + 2*v**2 - 1. Let r be (-5)/(-35) + (-36126)/42. Let i = r - -859. Determine j(i).
0
Let a(f) = -10*f**2 + 33*f + 7 - 6 - 35*f. Let h = 9 + -5. Let j be ((-2)/4)/((-2)/h). Calculate a(j).
-11
Let h = -301 + 433. Let r = 131 - h. Let a(s) = 36*s**2 + 2*s + 1. What is a(r)?
35
Let r be 87/27 - (-2)/(-9). Let n(s) be the second derivative of 5*s - 1/2*s**2 + 0 - 1/6*s**3. Give n(r).
-4
Let a be 4/(-6) + (2 - (-11)/(-33)). Let p be (4 - a) + (10 - (-2 - -8)). Let r(w) = 6*w - 4. What is r(p)?
38
Let f(m) = 5*m - 4. Let o(s) = -11*s - 141. Let h be o(-13). Suppose 12 = 2*p - u, -p + 5*u + 18 = h*p. What is f(p)?
26
Let r(p) = -2*p - 1. Suppose -14*k = -16*k + 66. Suppose 30*b - 9 = k*b. Calculate r(b).
5
Let k(f) be the third derivative of -f**5/60 - 7*f**4/6 - 191*f**3/6 - 2*f**2 - 229*f + 2. Determine k(-10).
-11
Let u be 18/(-10)*50/(-5). Suppose 9*w = u - 0. Let g(n) = 3*n + 1 - 4*n**2 - n**2 + 7*n**w. Calculate g(-2).
3
Suppose 0*q - 2 = 4*q - 2*r, -q = 4*r - 22. Suppose 4*k - q*k = -2. Let w(c) = 5 - 528*c + 523*c - 2 - 4. Calculate w(k).
4
Let i be (-6)/(-84)*-21*(-4)/(-1). Let z(r) = -4*r**2 - 23*r + 6. Calculate z(i).
0
Let z(j) = -j - 3. Let v = 20 + -20. Suppose v = 2*l - 8, 2*x + 2*l + 2*l = 18. Suppose 0 = 4*k - y + 1, -3*k + 4*y + x = 5. What is z(k)?
-3
Let s(q) = 7063 + q + 2*q**2 - q**3 + 4*q**3 + 0*q**3 - 7064. Calculate s(2).
33
Suppose -3*t - 2*t + 3*k + 55 = 0, 2*k = 0. Suppose -y + t - 6 = 0. Suppose -14 = -3*s + y*w, -3*s - 2*w - 1 + 8 = 0. Let q(n) = 3*n + 3. Determine q(s).
12
Let x be (6/(-15))/(56/20 - 3). Let h(v) = v**3 - v**2 + v + 1. Let s(n) = 2*n**3 - 2*n**2 + n + 2. Let f(w) = x*s(w) - 3*h(w). Determine f(-2).
-9
Suppose 2*y + w - 4 = 0, -3*w - 7 = -2*y + 5. Suppose 0 = y*p + 9 + 6, 0 = -2*x + 5*p + 97. Let j(k) = x*k - 3*k**2 + k**3 - 9*k - 13*k - 13*k. Calculate j(3).
3
Suppose r = -2*v - v + 545, 5 = -5*r. Suppose -8*h = -34*h + v. Let m(k) = -k**2 + 11*k - 10. Give m(h).
18
Let f(q) be the second derivative of 11*q**3/6 + 17*q**2/2 + 7*q + 46. Give f(-4).
-27
Let w = 13853 - 13853. Let h(y) = -y**3 + y**2 + 2*y - 14. Give h(w).
-14
Let n(q) = -2*q**3 - 2*q - 1. Suppose -5*l + 4*z = 5*z - 271, 4*z = -16. Suppose -f + 0 = -l. Let y = 54 - f. Give n(y).
3
Let s(p) = -4*p - 4. Let o(z) = 11*z + 6. Let k(n) = -o(n) - 3*s(n). Let f be (4/(-10))/((-3)/(-45)). Give k(f).
0
Let i(y) = -y + 4. Let v = 8 - 6. Suppose c + v*c = -4*a + 5, 5*c - 2*a - 17 = 0. Suppose -33*m - c = -34*m. Calculate i(m).
1
Suppose 3404 = 112*m + 143*m - 421. Let q(s) = -2*s**2 + 27*s + 43. Determine q(m).
-2
Let o(l) be the third derivative of -l**7/240 - l**5/20 + 7*l**3/3 + 57*l**2. Let m(c) be the third derivative of o(c). Calculate m(-1).
21
Let q(o) be the second derivative of -o**5/20 + 31*o**4/12 + o**3/3 - 29*o**2 - 11942*o. Determine q(31).
4
Suppose 2*b + 2 = -4*j, 2*b = -5*j - b - 4. Suppose k - 3 = j. Let m(q) be the first derivative of q**4/4 - 4*q**3/3 - q**2/2 + 2*q + 326. Calculate m(k).
-2
Let o(k) = 3*k + 44. Let s be 0/7*(-1)/(-2). Suppose s = -2*a + 2*q - 36, q = -3 + 8. Determine o(a).
5
Let c = 88 - 90. Let s be (-1)/(-3) - (c + (-300)/18). Suppose 26 = -5*r - s. Let x(v) = v**2 + 9*v + 12. Calculate x(r).
12
Let n(c) = -c**3 - 6*c**2 - 2*c + 6. Let h be n(-6). Let p = -866 + 838. Let f = p + h. Let k(u) = u**3 + 9*u**2 - 10*u - 1. Determine k(f).
-1
Let z(l) = -4*l - 4. Suppose -82*m = -959 + 25 - 50. Calculate z(m).
-52
Let j(c) be the third derivative of 0*c**4 + 0*c - 1/2*c**3 - 1/120*c**6 + 0 - 162*c**2 - 1/6*c**5. Give j(-10).
-3
Let c(g) = -g**2 - 28*g - 98. Let r(m) = 956*m - 2889. Let o be r(3). Calculate c(o).
49
Let r(u) = -199 - 202 + u + 406 + 0*u. Calculate r(-8).
-3
Let v = 149 - 146. Let c(y) = 7*y - 9*y + y**2 - 5 + 0 - v*y. Let x(q) = q**2 - 6*q + 5. Let l be x(6). What is c(l)?
-5
Let i(z) = 20334*z**2 - 6*z + 6. Let w be i(3). Let g be 4/(-6) - w/(-9). Let s(v) = 20332 - 13*v - g. Determine s(-2).
26
Let p(k) = 15*k - 8. Suppose -5*i - 71 = -41. Let s(j) = -31*j + 17. Let u(v) = i*s(v) - 13*p(v). Determine u(3).
-25
Let m(k) = 9*k**2 - 10*k**2 - 5*k + 4*k. Let j = -13 - -18. Suppose 4*l - 2 = j*l. What is m(l)?
-2
Let m(c) = 227673*c + 13 - c**3 + 0*c**3 - 113849*c - 14*c**2 - 113846*c. What is m(-12)?
-11
Let l(c) = -7*c**2 - 6*c - 16. Let d = 1827 + -1830. Determine l(d).
-61
Suppose 3*v - 7*v + 5*a = -18, -4*v - 5*a = 2. Suppose v = 4*s + 2*d, 23*d + 6 = 3*s + 26*d. Let p(n) = -4*n. What is p(s)?
4
Let k(o) = 7*o - 19. Let y = 5834 - 5832. Determine k(y).
-5
Let w(k) = -6*k - k - 2*k + 3 + 8*k**2 + k - k**3. Let s(i) = 2*i**2 - 26*i + 31. Let h be s(1). What is w(h)?
-4
Let u(c) = 10*c**2 - 8*c - 40. Let o(y) = -7*y**2 + 5*y + 28. Let x(i) = 7*o(i) + 5*u(i). Let s(a) = -3*a - 7 + 0*a + 0*a. Let r be s(-4). Determine x(r).
-4
Suppose 3*z + 63 = -3*j, -39 = 2*z + 89*j - 88*j. Let g(o) = o**3 + 16*o**2 - 34*o + 42. Determine g(z).
6
Let a(y) be the second derivative of -y**3 - 1/20*y**5 + 0 - 2*y**2 + 7/12*y**4 + 10*y. Let x(k) = 4*k + 33. Let g be x(-7). Calculate a(g).
16
Suppose -117*h + 335 = 87 - 1273. Let l(x) = -3*x - 33. What is l(h)?
-72
Let g be (-15)/10*4/(-6). Let s(c) = 7*c + 24. Let r be s(0). Let p(f) = -r - 11*f + 2*f + 25. Determine p(g).
-8
Let y(n) = 66 + 60 - 126 - n**2. Let b = -60 + 59. Calculate y(b).
-1
Let x(c) = c**3 - 6*c**2 + c + 3. Let f be (7/3 + -4)*-3. Suppose -2*u = -f*p - 19, 3*p + u = -4*u - 30. Let z(l) = 9*l + 51. Let m be z(p). Determine x(m).
9
Let v(x) = 169*x - 13862. Let p be v(82). Let a(j) = -j**3 - j**2 + 4*j - 14. Determine a(p).
18
Let j(o) = o**3 + 18*o**2 + 11*o - 39. Let a be j(-16). Let l be 34/18 + 33/a. Let u(t) = t*